a prime number?
False
Is 25337027 a prime number?
True
Is 36973 prime?
True
Is 185521591 a prime number?
True
Is 930011 a composite number?
False
Is 7040623 prime?
True
Is 50745287 composite?
True
Is 160707 a composite number?
True
Is 14462437 prime?
False
Is 131256281 composite?
True
Is 2271569 prime?
True
Is 8549969 a composite number?
False
Is 413970047 a prime number?
True
Is 7087063 prime?
True
Is 638023 a prime number?
True
Is 144253271 a prime number?
True
Is 36709757 a prime number?
False
Is 11911703 prime?
False
Is 148320619 a prime number?
True
Is 115626317 a composite number?
False
Is 5403767 composite?
True
Is 232974037 prime?
True
Is 692807 prime?
False
Is 143929853 a composite number?
False
Is 5290693 prime?
False
Is 423506443 a prime number?
True
Is 14557523 a prime number?
False
Is 692647987 a composite number?
False
Is 3919541 composite?
False
Is 3980363 a composite number?
True
Is 93529129 a prime number?
False
Is 527343 prime?
False
Is 952537 prime?
False
Is 30601151 composite?
True
Is 4614809 a prime number?
True
Is 174355 a prime number?
False
Is 36593489 a composite number?
True
Is 1269937 a composite number?
False
Is 9930419 composite?
False
Is 291446171 prime?
True
Is 10970403 a composite number?
True
Is 1196557 a composite number?
True
Is 1943239 prime?
True
Is 8975755 a composite number?
True
Is 2312243 a composite number?
True
Is 138372889 a composite number?
True
Is 5773571 a prime number?
False
Is 205833527 composite?
False
Is 14683161 a composite number?
True
Is 2531069 prime?
True
Is 6024009 a prime number?
False
Is 212829673 a composite number?
True
Is 4137541 composite?
False
Is 12148193 composite?
True
Is 10244527 composite?
False
Is 48944087 composite?
True
Is 35279089 a composite number?
False
Is 61495201 a prime number?
True
Is 1455809 a composite number?
False
Is 556459 a prime number?
True
Is 41432173 prime?
True
Is 524237207 a composite number?
True
Is 344865838 composite?
True
Is 14809883 a prime number?
False
Is 22920119 a composite number?
True
Is 685777 a prime number?
False
Is 1129043 prime?
True
Is 13729909 a prime number?
False
Is 8122435 a prime number?
False
Is 14800645 a prime number?
False
Is 7888669 prime?
True
Is 163559311 a composite number?
False
Is 193271 prime?
False
Is 8202709 prime?
True
Is 64503437 a prime number?
True
Is 6192969 a composite number?
True
Is 4024487 a composite number?
False
Is 419171 a prime number?
True
Is 819227 a composite number?
True
Is 7182971 composite?
False
Is 196743629 composite?
True
Is 8338389 composite?
True
Is 198333943 a composite number?
False
Is 232403 a prime number?
False
Is 36206143 a prime number?
False
Is 101088451 a prime number?
False
Is 175370339 composite?
False
Is 5594357 prime?
True
Is 29065591 a prime number?
False
Is 362381969 prime?
False
Is 8378135 composite?
True
Is 31737577 a prime number?
True
Is 104270119 composite?
True
Is 182180849 prime?
False
Is 120448903 a composite number?
True
Is 703129 prime?
False
Is 22338005 prime?
False
Is 225294461 composite?
True
Is 3269531 a composite number?
False
Is 5439839 a composite number?
True
Is 7358249 a prime number?
False
Is 11433601 a composite number?
True
Is 2064695 a prime number?
False
Is 62629103 composite?
False
Is 2225947 composite?
True
Is 78581521 prime?
False
Is 106951263 a composite number?
True
Is 201075781 prime?
True
Is 377621251 composite?
True
Is 2828053 a prime number?
True
Is 27342181 a prime number?
False
Is 3660187 composite?
False
Is 2443273 a prime number?
False
Is 2076649 a composite number?
False
Is 219846217 composite?
False
Is 8870261 a prime number?
True
Is 1366159 prime?
True
Is 13649033 a prime number?
True
Is 372359 prime?
False
Is 1798241 prime?
True
Is 2765909 composite?
True
Is 114210359 composite?
False
Is 55219 prime?
True
Is 259867931 composite?
True
Is 101860321 a composite number?
False
Is 20224937 prime?
True
Is 19114889 a composite number?
True
Is 10891253 a composite number?
False
Is 2255381 composite?
False
Is 10583651 prime?
False
Is 44000497 composite?
False
Is 277831573 prime?
True
Is 5968487 composite?
True
Is 687893 a prime number?
True
Is 184207 composite?
True
Is 31498826 a composite number?
True
Is 1469437 a prime number?
True
Is 38426551 a composite number?
True
Is 11173493 composite?
False
Is 91059037 prime?
False
Is 7341349 prime?
True
Is 31469 prime?
True
Is 434006591 prime?
True
Is 947987 a prime number?
True
Is 737039 a composite number?
False
Is 3675977 prime?
True
Is 7021687 a prime number?
False
Is 4933897 a prime number?
True
Is 14443531 composite?
False
Is 7868213 a prime number?
False
Is 4737891 a prime number?
False
Is 640882031 a prime number?
False
Is 2182337 a prime number?
False
Is 41379563 a composite number?
False
Is 1056950705 prime?
False
Is 204566083 composite?
True
Is 20357761 a prime number?
True
Is 25052221 a prime number?
False
Is 106192039 composite?
False
Is 96235417 prime?
True
Is 80877899 composite?
False
Is 17037953 a composite number?
True
Is 1513363 prime?
False
Is 102512981 a composite number?
False
Is 3893599 a composite number?
True
Is 1091983 a prime number?
True
Is 6740707 composite?
False
Is 110223937 prime?
False
Is 15387773 composite?
False
Is 432443 prime?
False
Is 10723501 a prime number?
False
Is 9395198 a composite number?
True
Is 423293 a composite number?
True
Is 2376599 composite?
False
Is 14109499 prime?
True
Is 8611949 a composite number?
True
Is 1752262229 a prime number?
True
Is 5186821 a prime number?
True
Is 2041421 a composite number?
False
Is 508519 a prime number?
False
Is 199920377 a prime number?
True
Is 53342391 composite?
True
Is 9559951 a composite number?
True
Is 5689891 a prime number?
True
Is 316760753 prime?
True
Is 9808493 a composite number?
True
Is 23915845 prime?
False
Is 214689149 a composite number?
False
Is 4070921 composite?
True
Is 11990431 a prime number?
True
Is 64818883 prime?
True
Is 11805247 composite?
False
Is 121807 a prime number?
False
Is 965227 a composite number?
False
Is 318313 a composite number?
False
Is 38709577 composite?
True
Is 239835287 composite?
False
Is 52182203 a prime number?
True
Is 183463351 a prime number?
False
Is 520781 a prime number?
False
Is 483432149 prime?
True
Is 16531759 composite?
False
Is 796571 a prime number?
True
Is 5447611 a prime number?
False
Is 750809 a composite number?
False
Is 3473929 a composite number?
True
Is 1258943 composite?
True
Is 2544331 a prime number?
True
Is 4934161 a composite number?
False
Is 38448937 prime?
False
Is 60456349 a composite number?
False
Is 94225069 prime?
True
Is 526279 prime?
False
Is 1866961 a prime number?
True
Is 86993503 a composite number?
True
Is 435514309 prime?
False
Is 63052681 a composite number?
False
Is 10168237 prime?
False
Is 1357333 prime?
True
Is 103382561 prime?
True
Is 196271899 a composite number?
False
Is 3144114401 composite?
False
Is 2798069 a prime number?
True
Is 8797651 composite?
True
Is 4507013 a composite number?
True
Is 801155 a prime number?
False
Is 37483001 prime?
True
Is 218657 prime?
True
Is 3627293 composite?
True
Is 108143591 a prime number?
False
Is 56374811 prime?
False
Is 5183797 composite?
True
Is 118186879 a prime number?
True
Is 18607051 a prime number?
True
Is 16625989 a prime number?
False
Is 134157679 a composite number?
False
Is 126989 composite?
False
Is 3448301 a prime number?
False
Is 235739771 a prime number?
True
Is 9889777 a composite number?
True
Is 38637281 a prime number?
False
Is 197878535 a prime number?
False
Is 5331977 a prime number?
False
Is 55353367 prime?
False
Is 18138829 a prime number?
True
Is 2475247 a prime number?
True
Is 234638 prime?
False
Is 15628567 composite?
True
Is 60509881 prime?
True
Is 33450341 prime?
False
Is 52250773 composite?
False
Is 2648747 a composite number?
True
Is 320973737 a composite number?
True
Is 844001 a prime number?
True
Is 3029503 a prime number?
False
Is 5052481 a prime number?
False
Is 587341 a composite number?
False
Is 5023901 a composite number?
False
Is 4986847 a composite number?
False
Is 1909589 a composite number?
True
Is 1361993 composite?
True
Is 28386889 prime?
False
Is 2578757 a composite number?
False
Is 11416907 a composite number?
False
Is 7303111 a prime number?
True
Is 636